 8. What is the remainder when q is divided by i(n)?
9
Let j be 60/24*((-6)/(-2) + -1). Suppose 3*x + 4*t = -47, -4*x - 4 - 38 = -j*t. Let v = x - -47. What is the remainder when v is divided by 4?
2
Let u = -28068 + 28939. Calculate the remainder when u is divided by 297.
277
Suppose -72 = -6*z + 6. Let o = 22 + z. Calculate the remainder when o is divided by 10.
5
Let w = -68 - -73. Suppose -w*n + 2*m + 197 = -0*m, 5*n + 3*m - 192 = 0. What is the remainder when ((-6)/(-4))/((-2)/(-204)) is divided by n?
36
What is the remainder when ((-2)/(-6)*419)/(421/1263) is divided by 139?
2
Calculate the remainder when -9 + -5*(3 + (-2216)/40) is divided by 85.
83
Suppose -25*z = -43*z + 2736. What is the remainder when z is divided by 63?
26
Let w(d) = 5*d**2 + 55*d + 247. What is the remainder when 4751 is divided by w(-6)?
95
Let v be (2 - 8)/((11/(-2))/11). What is the remainder when v + -9 - 6 - (-39 + -1) is divided by 20?
17
What is the remainder when (3/4)/((-135)/(-185400)) is divided by 57?
4
Suppose 18*j - 21*j = -12. Let l be 159 + (2 - 2) + (3 - j). Suppose -4*f = -l - 438. What is the remainder when f is divided by 19?
16
Let j(o) be the second derivative of 4*o**3/3 + 85*o**2/2 - 146*o. Calculate the remainder when j(-3) is divided by (16/(-5))/(3/(-15)).
13
Suppose -104 = -l + 90. Let x = -162 + l. What is the remainder when 219 is divided by x?
27
Suppose -z - 3908 = -5*t, -18*t + 5*z - 3138 = -22*t. What is the remainder when 2360 is divided by t?
14
Let c = 29 + 108. Let w = 151 - c. Calculate the remainder when 125 is divided by w.
13
Let j(b) = -22*b - 329. Let t(o) = 14*o**3 + o**2 + 3*o - 4. What is the remainder when j(-16) is divided by t(1)?
9
Let x = -889 - -1034. Calculate the remainder when x is divided by 36.
1
Suppose 0 = -6*h + 21 - 9. Let c be (h/8)/(2 - (-63)/(-28)). What is the remainder when 57 is divided by (c + (-102)/18)*(-3)/2?
7
Let u = 17171 + -17032. Calculate the remainder when u is divided by 121.
18
Let l = 121 - 120. Let d = 13 + -10. Suppose -o - l = -0*o, 5*o - 184 = -d*a. What is the remainder when a is divided by 16?
15
Suppose 0*z + 77 = 2*z - w, w - 103 = -3*z. Let y(j) = j**2 + 3*j + 2. What is the remainder when z is divided by y(-5)?
0
Suppose 0 = 2*t + f - 123, -t = -139*f + 137*f - 59. Let w = -31 - -30. Let s = 14 + w. Calculate the remainder when t is divided by s.
9
Suppose -t = -2*z + 27, -4*z + 2*t + 67 = z. Suppose 5*l - 3*u - 192 = 0, 13 + 7 = -5*u. What is the remainder when l is divided by z?
10
Let s be ((-438)/15)/((-1)/5). Suppose -2*v = -2*f - 74, -2*v = 8*f - 3*f + 213. Let r = f + s. Calculate the remainder when r is divided by 27.
24
Let j = -537822 + 537858. Let k(v) = v**2 + 5*v + 5. Let g be k(6). Let a = g - -144. Calculate the remainder when a is divided by j.
35
What is the remainder when ((-3472)/42 + 16)*12/(-10) is divided by (0 - (12 + -6))/((-2)/4)?
8
What is the remainder when 996 is divided by (-133025)/(-272) + (-13)/208?
18
What is the remainder when 375 is divided by ((-15)/9 + 1)*28*(8 - 17)?
39
Let i(j) = -j**2 - 12*j - 6. Suppose -r + p = 7, 0*r - 59 = 5*r + p. Let l(s) = s + 21. What is the remainder when i(-5) is divided by l(r)?
9
Suppose -25984 = -4*x - 4*n, -x + n = -4273 - 2219. What is the remainder when x is divided by 116?
114
What is the remainder when ((-8)/12)/((-12)/22338) is divided by 14?
9
Suppose -2*z + 23 = -3*y - 9, 5*y + 2 = z. Suppose 72 = 5*b + z. Suppose -3*d = -5*d + 174. What is the remainder when d is divided by b?
7
Suppose 9*z - 6144 = 1407. Calculate the remainder when z is divided by 39.
20
Let w be 30/9*102/4. Suppose -4*k = 5*f - 6*k - 49, 0 = 3*f - k - 29. Suppose 653 = f*o - w. Calculate the remainder when o is divided by 21.
19
Suppose -2*n - d = 2*d, -3*n - 5*d + 1 = 0. Let h(f) = 2*f - 1. Let r be h(n). Calculate the remainder when ((-2)/(-6))/(r/(-1827)) is divided by 30.
27
Let r(l) = 6*l + 57. Let g be r(-9). Suppose -4*d + w + 109 = 0, -g*w - 44 = -2*d + w. What is the remainder when d is divided by 17?
11
Suppose -2*s - 1987 = -5*g + 1901, -4*s = 16. What is the remainder when g is divided by 21?
20
Let d be (-8)/(-2) + (0 - 0). Let r be d/3*(1 + (-4)/(-2)). Suppose -r*m = -m - 30. Calculate the remainder when 38 is divided by m.
8
What is the remainder when 132404/237 + (-1)/(-3) is divided by 26?
13
Suppose y = -5*p + 7908, 4*p + 4*y - 10*y = 6306. What is the remainder when p is divided by 44?
41
Let i(r) = -19*r - 452. What is the remainder when ((-4)/14*-7)/(4/1090) is divided by i(-26)?
41
Let f be (2/(-3))/(8/(-36)). Suppose -g = f*g - 20. Calculate the remainder when 1*50 + g/((-20)/(-12)) is divided by 11.
9
Let s = 15925 + -13156. What is the remainder when s is divided by 185?
179
Calculate the remainder when 7815 is divided by (-1)/((-130)/884 - 12/(-102)).
29
Let b be 0/(-1) + 1/(-2)*0. Suppose -2*v - 5*k + 39 = b, 3*v - 2*k = 2*k + 70. Let u(t) = 10*t**2 + t. Calculate the remainder when v is divided by u(-1).
4
Let g(x) = -x**3 - 11*x**2 - 19*x - 13. Let i be g(-9). What is the remainder when 105 is divided by (-8)/i*4*(-8)/(-2)?
9
Suppose -l = -5*h - 5, 2*l + l - 15 = 3*h. Suppose 19 = 3*y + 7. Suppose 2*z - 5*f = y*z - 3, 2*f + 66 = 4*z. What is the remainder when z is divided by l?
4
Let a = 192 + -89. Let y = 94 - a. Let r(l) = -3*l + 5. What is the remainder when 191 is divided by r(y)?
31
Suppose 2*i + 3*i - 499 = -q, 5*i - 3*q = 483. Calculate the remainder when 210 is divided by i.
12
Let o be 3*(-106)/(-66) - 2/(-11). Suppose -o*v = 13 - 28. Suppose -46 = -2*y - 5*u, -v*y + u + u = -107. What is the remainder when 93 is divided by y?
27
Suppose 3*j + 39 = 156. Suppose 5*i + 165 = 4*v + 913, -3*i = -5*v - 948. Let r = v + 266. Calculate the remainder when r is divided by j.
35
Let u(r) be the second derivative of r**4/12 - r**3/6 + 7*r**2/2 - r. Suppose 471*z + 2187 = -639. What is the remainder when 144 is divided by u(z)?
46
Suppose 8*o - 357 = 371. Suppose 0 = 5*m + 3*x - o, 8*m + 89 = 13*m + 2*x. What is the remainder when 62 is divided by m?
11
Suppose -3*o + 5*f = -1465, -4*o - 22*f + 26*f = -1932. Calculate the remainder when o is divided by 207.
61
Suppose -25 = 5*t, -8*h - 2*t + 70 = -4*h. Let a = 31 - h. Suppose -a - 40 = -3*j. What is the remainder when 48 is divided by j?
14
Suppose -55*y + 922 = -563. Calculate the remainder when 48 is divided by y.
21
Let y = 14403 + -14351. Calculate the remainder when 4938 is divided by y.
50
Suppose -72*u - 103*u = -210*u + 33145. What is the remainder when u is divided by 458?
31
Let r(l) = 3*l**3 - 5*l**2 + 15*l - 30. Suppose -56*j = -54*j + 3*q + 9, 17 = 4*j - q. What is the remainder when r(j) is divided by 11?
7
Suppose -2*a - 2*h = -8, 7*a + 32 = 12*a - h. Let w(i) = 49*i - 234. What is the remainder when w(a) is divided by 32?
28
Suppose 3*p = 5*j - 0*j - 67, -j + 4*p + 27 = 0. Suppose -8588*d + 8567*d + 11 = -10. Calculate the remainder when j is divided by d.
0
Let t = -594 - -671. Suppose -13 = -11*g + 10*g. What is the remainder when t is divided by g?
12
Let n(w) = 37*w - 1926. Calculate the remainder when n(63) is divided by 135.
0
Suppose j + 2 = -h, -5*h + j + 20 = -0*j. Let w(o) = o**3 - 2*o**2 - o - 4. Let z be w(h). Calculate the remainder when 1 + 2 + 1 - z is divided by 2.
0
Suppose -88*j + 85*j - 12 = 0. Calculate the remainder when 79 is divided by (-44)/j + 4 + -1.
9
Suppose -19*m = 2*m + 567. Calculate the remainder when 166 is divided by (m - 2)*6/30*-5.
21
Suppose -5*i = 3*b - 25 - 33, 0 = -4*b - 5*i + 69. What is the remainder when 1027 is divided by b?
4
Calculate the remainder when (-315)/27*(-546)/49 is divided by 16.
2
Let a(y) = -5*y + 9*y + 10*y + 1 + 3*y**2 + 0*y**2. Calculate the remainder when 48 is divided by a(-6).
23
Let x(p) = 219*p + 12883. Calculate the remainder when x(-57) is divided by 59.
46
Suppose -6*p = -3*u + 36, 5*u + 5*p - 149 + 29 = 0. Calculate the remainder when 69 is divided by u.
9
Let k = -13494 + 13506. Let o(q) be the third derivative of 3*q**4/8 - 2*q**3/3 + q**2. What is the remainder when o(4) is divided by k?
8
Let j(t) = -18*t - 55. Let a = -1908 - -2488. What is the remainder when a is divided by j(-6)?
50
Suppose 46 = 4*r - 134. Let s(w) = w**3 + 4*w**2 + 2*w + 4. Let t be s(